{"id":237,"date":"2025-01-29T18:06:25","date_gmt":"2025-01-29T18:06:25","guid":{"rendered":"https:\/\/businesspodcastsummit.com\/?page_id=237"},"modified":"2025-01-29T18:07:23","modified_gmt":"2025-01-29T18:07:23","slug":"termos-e-condicoes","status":"publish","type":"page","link":"https:\/\/businesspodcastsummit.com\/index.php\/termos-e-condicoes\/","title":{"rendered":"Termos e Condi\u00e7\u00f5es"},"content":{"rendered":"\t\t<div data-elementor-type=\"wp-page\" data-elementor-id=\"237\" class=\"elementor elementor-237\" data-elementor-post-type=\"page\">\n\t\t\t\t<div class=\"elementor-element elementor-element-392a313 e-flex e-con-boxed wpr-particle-no wpr-jarallax-no wpr-parallax-no wpr-sticky-section-no e-con e-parent\" data-id=\"392a313\" data-element_type=\"container\">\n\t\t\t\t\t<div class=\"e-con-inner\">\n\t\t\t\t<div class=\"elementor-element elementor-element-aed37d9 elementor-widget elementor-widget-heading\" data-id=\"aed37d9\" data-element_type=\"widget\" data-widget_type=\"heading.default\">\n\t\t\t\t<div class=\"elementor-widget-container\">\n\t\t\t\t\t<h2 class=\"elementor-heading-title elementor-size-default\">Termos e Condi\u00e7\u00f5es<\/h2>\t\t\t\t<\/div>\n\t\t\t\t<\/div>\n\t\t\t\t\t<\/div>\n\t\t\t\t<\/div>\n\t\t<div class=\"elementor-element elementor-element-3ba1321d e-flex e-con-boxed wpr-particle-no wpr-jarallax-no wpr-parallax-no wpr-sticky-section-no e-con e-parent\" data-id=\"3ba1321d\" data-element_type=\"container\">\n\t\t\t\t\t<div class=\"e-con-inner\">\n\t\t\t\t<div class=\"elementor-element elementor-element-66e634c9 elementor-widget elementor-widget-text-editor\" data-id=\"66e634c9\" data-element_type=\"widget\" data-widget_type=\"text-editor.default\">\n\t\t\t\t<div class=\"elementor-widget-container\"><p>Os presentes Termos e Condi\u00e7\u00f5es estabelecem as regras de acesso e utiliza\u00e7\u00e3o da p\u00e1gina Escola Portuguesa de Podcasting, que \u00e9 propriedade da empresa EPTP \u2013 ESCOLA PORTUGUESA DE PODCASTING, UNIPESSOAL LDA, pessoa coletiva n\u00ba 517 355 418, sediada em:<br>Avenida Principal, n\u00ba 52A \u2013 Casais da Serra<br>2665-305 Milharado<\/p><p>Contatos:<br>liliana@escolaportuguesadepodcasting.com<br>918 974 265<\/p><p><strong>Informa\u00e7\u00e3o pr\u00e9-contratual:<\/strong><br>Antes da conclus\u00e3o do contrato de venda, comprometemo-nos a fornecer informa\u00e7\u00f5es claras e completas sobre os produtos ou servi\u00e7os dispon\u00edveis na nossa loja online, incluindo caracter\u00edsticas essenciais, pre\u00e7os, formas de pagamento e entrega, prazos de execu\u00e7\u00e3o do contrato e eventuais custos adicionais.<\/p><p><strong>Direito de livre resolu\u00e7\u00e3o:<\/strong><br>Reconhecemos o direito dos nossos clientes de desistir do contrato de compra, sem penaliza\u00e7\u00e3o e sem necessidade de indicar o motivo, no prazo de 14 dias a contar do dia seguinte ao da rece\u00e7\u00e3o do produto ou celebra\u00e7\u00e3o do contrato de presta\u00e7\u00e3o de servi\u00e7os.<\/p><p><strong>Condi\u00e7\u00f5es de venda:<\/strong><br>As condi\u00e7\u00f5es gerais de venda est\u00e3o dispon\u00edveis para consulta pr\u00e9via pelos nossos clientes, incluindo as informa\u00e7\u00f5es sobre formas de pagamento, entrega, execu\u00e7\u00e3o do contrato, garantias e pol\u00edticas de devolu\u00e7\u00e3o.<\/p><p><strong>Confirma\u00e7\u00e3o de encomendas:<\/strong><br>Ap\u00f3s a realiza\u00e7\u00e3o da encomenda, enviamos uma confirma\u00e7\u00e3o por e-amil, contendo todas as informa\u00e7\u00f5es relevantes do contrato, como descri\u00e7\u00e3o dos produtos ou servi\u00e7os, pre\u00e7os, condi\u00e7\u00f5es de pagamento e entrega.<\/p><p><strong>Pre\u00e7os e taxas:<\/strong><br>Os pre\u00e7os apresentados na nossa loja online s\u00e3o claros e inequ\u00edvocos, incluindo todos os encargos adicionais, como impostos e taxas de entrega. Quaisquer altera\u00e7\u00f5es de pre\u00e7o ser\u00e3o comunicadas de forma transparente aos nossos clientes.<\/p><p><strong>Meios de pagamento:<\/strong><br>Disponibilizamos diversas formas de pagamento aos nossos clientes, incluindo cart\u00e3o de cr\u00e9dito, transfer\u00eancia banc\u00e1ria, MBWay e refer\u00eancia multibanco, para garantir uma maior comodidade e flexibilidade na compra.<\/p><p><strong>Prote\u00e7\u00e3o de dados pessoais:<\/strong><br>Comprometemo-nos a garantir a seguran\u00e7a e confidencialidade dos dados pessoais dos nossos clientes, em conformidade com a legisla\u00e7\u00e3o de prote\u00e7\u00e3o de dados em vigor, utilizando medidas t\u00e9cnicas e organizativas adequadas para prevenir o acesso n\u00e3o autorizado ou utiliza\u00e7\u00e3o indevida dos dados.<\/p><p><strong>Livro de reclama\u00e7\u00f5es:<\/strong><br>https:\/\/www.livroreclamacoes.pt\/inicio<\/p><p><strong>Resolu\u00e7\u00e3o alternativa de lit\u00edgios de consumo:<\/strong><br>Ao abrigo da Lei n.\u00ba 144\/2015, o consumidor pode recorrer a uma Entidade de Resolu\u00e7\u00e3o Alternativa de Lit\u00edgios de consumo, neste caso: CICAP \u2013 Tribunal Arbitral de Consumo \u2013 www.cicap.pt<\/p><p><strong>D\u00favidas:<\/strong><br>Caso o utilizador tenha alguma d\u00favida acerca dos Termos e Condi\u00e7\u00f5es aqui estabelecidos, deve enviar e-mail para liliana@escolaportuguesadepodcasting.com<\/p><p>Ao utilizar os nossos servi\u00e7os, os clientes aceitam e concordam com os presentes Termos e Condi\u00e7\u00f5es, comprometendo-se a respeitar as disposi\u00e7\u00f5es aqui estabelecidas.<\/p><p>\u00daltima actualiza\u00e7\u00e3o: 22 de Abril de 2024<\/p><\/div>\n\t\t\t\t<\/div>\n\t\t\t\t\t<\/div>\n\t\t\t\t<\/div>\t\t<\/div>\n\t\t","protected":false},"excerpt":{"rendered":"<p>Termos e Condi\u00e7\u00f5es Os presentes Termos e Condi\u00e7\u00f5es estabelecem as regras de acesso e utiliza\u00e7\u00e3o da p\u00e1gina Escola Portuguesa de Podcasting, que \u00e9 propriedade da empresa EPTP \u2013 ESCOLA PORTUGUESA DE PODCASTING, UNIPESSOAL LDA, pessoa coletiva n\u00ba 517 355 418, sediada em:Avenida Principal, n\u00ba 52A \u2013 Casais da Serra2665-305 Milharado Contatos:liliana@escolaportuguesadepodcasting.com918 974 265 Informa\u00e7\u00e3o pr\u00e9-contratual:Antes da conclus\u00e3o do contrato de venda, comprometemo-nos a fornecer informa\u00e7\u00f5es claras e completas sobre os produtos ou servi\u00e7os dispon\u00edveis na nossa loja online, incluindo caracter\u00edsticas essenciais, pre\u00e7os, formas de pagamento e entrega, prazos de execu\u00e7\u00e3o do contrato e eventuais custos adicionais. Direito de livre resolu\u00e7\u00e3o:Reconhecemos o direito dos nossos clientes de desistir do contrato de compra, sem penaliza\u00e7\u00e3o e sem necessidade de indicar o motivo, no prazo de 14 dias a contar do dia seguinte ao da rece\u00e7\u00e3o do produto ou celebra\u00e7\u00e3o do contrato de presta\u00e7\u00e3o de servi\u00e7os. Condi\u00e7\u00f5es de venda:As condi\u00e7\u00f5es gerais de venda est\u00e3o dispon\u00edveis para consulta pr\u00e9via pelos nossos clientes, incluindo as informa\u00e7\u00f5es sobre formas de pagamento, entrega, execu\u00e7\u00e3o do contrato, garantias e pol\u00edticas de devolu\u00e7\u00e3o. Confirma\u00e7\u00e3o de encomendas:Ap\u00f3s a realiza\u00e7\u00e3o da encomenda, enviamos uma confirma\u00e7\u00e3o por e-amil, contendo todas as informa\u00e7\u00f5es relevantes do contrato, como descri\u00e7\u00e3o dos produtos ou servi\u00e7os, pre\u00e7os, condi\u00e7\u00f5es de pagamento e entrega. Pre\u00e7os e taxas:Os pre\u00e7os apresentados na nossa loja online s\u00e3o claros e inequ\u00edvocos, incluindo todos os encargos adicionais, como impostos e taxas de entrega. Quaisquer altera\u00e7\u00f5es de pre\u00e7o ser\u00e3o comunicadas de forma transparente aos nossos clientes. Meios de pagamento:Disponibilizamos diversas formas de pagamento aos nossos clientes, incluindo cart\u00e3o de cr\u00e9dito, transfer\u00eancia banc\u00e1ria, MBWay e refer\u00eancia multibanco, para garantir uma maior comodidade e flexibilidade na compra. Prote\u00e7\u00e3o de dados pessoais:Comprometemo-nos a garantir a seguran\u00e7a e confidencialidade dos dados pessoais dos nossos clientes, em conformidade com a legisla\u00e7\u00e3o de prote\u00e7\u00e3o de dados em vigor, utilizando medidas t\u00e9cnicas e organizativas adequadas para prevenir o acesso n\u00e3o autorizado ou utiliza\u00e7\u00e3o indevida dos dados. Livro de reclama\u00e7\u00f5es:https:\/\/www.livroreclamacoes.pt\/inicio Resolu\u00e7\u00e3o alternativa de lit\u00edgios de consumo:Ao abrigo da Lei n.\u00ba 144\/2015, o consumidor pode recorrer a uma Entidade de Resolu\u00e7\u00e3o Alternativa de Lit\u00edgios de consumo, neste caso: CICAP \u2013 Tribunal Arbitral de Consumo \u2013 www.cicap.pt D\u00favidas:Caso o utilizador tenha alguma d\u00favida acerca dos Termos e Condi\u00e7\u00f5es aqui estabelecidos, deve enviar e-mail para liliana@escolaportuguesadepodcasting.com Ao utilizar os nossos servi\u00e7os, os clientes aceitam e concordam com os presentes Termos e Condi\u00e7\u00f5es, comprometendo-se a respeitar as disposi\u00e7\u00f5es aqui estabelecidas. \u00daltima actualiza\u00e7\u00e3o: 22 de Abril de 2024<\/p>\n","protected":false},"author":4,"featured_media":0,"parent":0,"menu_order":0,"comment_status":"closed","ping_status":"closed","template":"elementor_canvas","meta":{"footnotes":""},"class_list":["post-237","page","type-page","status-publish","hentry"],"_links":{"self":[{"href":"https:\/\/businesspodcastsummit.com\/index.php\/wp-json\/wp\/v2\/pages\/237","targetHints":{"allow":["GET"]}}],"collection":[{"href":"https:\/\/businesspodcastsummit.com\/index.php\/wp-json\/wp\/v2\/pages"}],"about":[{"href":"https:\/\/businesspodcastsummit.com\/index.php\/wp-json\/wp\/v2\/types\/page"}],"author":[{"embeddable":true,"href":"https:\/\/businesspodcastsummit.com\/index.php\/wp-json\/wp\/v2\/users\/4"}],"replies":[{"embeddable":true,"href":"https:\/\/businesspodcastsummit.com\/index.php\/wp-json\/wp\/v2\/comments?post=237"}],"version-history":[{"count":4,"href":"https:\/\/businesspodcastsummit.com\/index.php\/wp-json\/wp\/v2\/pages\/237\/revisions"}],"predecessor-version":[{"id":242,"href":"https:\/\/businesspodcastsummit.com\/index.php\/wp-json\/wp\/v2\/pages\/237\/revisions\/242"}],"wp:attachment":[{"href":"https:\/\/businesspodcastsummit.com\/index.php\/wp-json\/wp\/v2\/media?parent=237"}],"curies":[{"name":"wp","href":"https:\/\/api.w.org\/{rel}","templated":true}]}}